{"id":450,"date":"2024-05-23T09:42:39","date_gmt":"2024-05-23T09:42:39","guid":{"rendered":"https:\/\/www.misbel.es\/tienda\/?post_type=product&#038;p=450"},"modified":"2024-05-24T11:40:04","modified_gmt":"2024-05-24T11:40:04","slug":"oxygen-oxy-hydrogen","status":"publish","type":"product","link":"https:\/\/www.misbel.com\/tienda\/producto\/oxygen-oxy-hydrogen\/","title":{"rendered":"Oxygen Oxy Hydrogen"},"content":{"rendered":"<div class=\"intro\">\n<div class=\"desc\">\n<p><span data-sheets-value=\"{&quot;1&quot;:2,&quot;2&quot;:&quot;Crema hidratante para todo tipo de pieles asfixiadas y\/o deshidratadas.&quot;}\" data-sheets-userformat=\"{&quot;2&quot;:13057,&quot;3&quot;:{&quot;1&quot;:0},&quot;11&quot;:3,&quot;12&quot;:0,&quot;15&quot;:&quot;Arial&quot;,&quot;16&quot;:10}\">Crema hidratante para todo tipo de pieles asfixiadas y\/o deshidratadas.<\/span><\/p>\n<\/div>\n<\/div>\n<div class=\"data\">\n<div class=\"data-item gridbox top\">\n<div class=\"gridbox-item\">\n<div class=\"pre\">TIPO DE PRODUCTO<\/div>\n<div class=\"tipoprod\">\n<div class=\"cont-item\">\n<div class=\"termname\">Crema hidratante<\/div>\n<div><\/div>\n<\/div>\n<\/div>\n<\/div>\n<div class=\"gridbox-item\">\n<div class=\"pre\">PRESENTACI\u00d3N<\/div>\n<p>Tarro de 50 ml<\/p>\n<\/div>\n<\/div>\n<div class=\"data-item\">\n<div class=\"pre\">PRINCIPIOS ACTIVOS<\/div>\n<p>Oxygeskin\u00ae ,Phylderm\u00ae Vegetal, \u00c1cido Hialur\u00f3nico, Pentavitin\u00ae (Carbohidratos), Lipop\u00e9ptidos de Col\u00e1geno, Vitamina E, Part\u00edculas iluminadoras y con efecto soft-focus y filtro solar (10).<\/p>\n<\/div>\n<div class=\"data-item\">\n<div class=\"pre\">MODO DE EMPLEO<\/div>\n<p>Aplicar sobre la piel limpia de cara, el cuello y el escote con un suave masaje.<\/p>\n<\/div>\n<div class=\"data-item\">\n<div class=\"pre\">RECOMENDADO PARA:<\/div>\n<ul>\n<li>Para pieles asfixiadas y\/o deshidratadas.<\/li>\n<\/ul>\n<\/div>\n<\/div>\n","protected":false},"excerpt":{"rendered":"<div class=\"intro\">\n<div class=\"desc\">\n<p><span data-sheets-value=\"{&quot;1&quot;:2,&quot;2&quot;:&quot;Crema hidratante para todo tipo de pieles asfixiadas y\/o deshidratadas.&quot;}\" data-sheets-userformat=\"{&quot;2&quot;:13057,&quot;3&quot;:{&quot;1&quot;:0},&quot;11&quot;:3,&quot;12&quot;:0,&quot;15&quot;:&quot;Arial&quot;,&quot;16&quot;:10}\">Crema hidratante para todo tipo de pieles asfixiadas y\/o deshidratadas.<\/span><\/p>\n<\/div>\n<\/div>\n","protected":false},"featured_media":451,"comment_status":"open","ping_status":"closed","template":"","meta":[],"product_brand":[],"product_cat":[80,37],"product_tag":[155,144,129,162],"class_list":{"0":"post-450","1":"product","2":"type-product","3":"status-publish","4":"has-post-thumbnail","6":"product_cat-cremas","7":"product_cat-cuidados-faciales","8":"product_tag-belnatur","9":"product_tag-crema","10":"product_tag-crema-hidratante","11":"product_tag-todo-tipo-de-piel","13":"first","14":"instock","15":"taxable","16":"shipping-taxable","17":"purchasable","18":"product-type-simple"},"yoast_head":"<!-- This site is optimized with the Yoast SEO plugin v27.0 - https:\/\/yoast.com\/product\/yoast-seo-wordpress\/ -->\n<title>Oxygen Oxy Hydrogen - Tienda<\/title>\n<meta name=\"robots\" content=\"index, follow, max-snippet:-1, max-image-preview:large, max-video-preview:-1\" \/>\n<link rel=\"canonical\" href=\"https:\/\/www.misbel.com\/tienda\/producto\/oxygen-oxy-hydrogen\/\" \/>\n<meta property=\"og:locale\" content=\"es_ES\" \/>\n<meta property=\"og:type\" content=\"article\" \/>\n<meta property=\"og:title\" content=\"Oxygen Oxy Hydrogen - Tienda\" \/>\n<meta property=\"og:description\" content=\"Crema hidratante para todo tipo de pieles asfixiadas y\/o deshidratadas.\" \/>\n<meta property=\"og:url\" content=\"https:\/\/www.misbel.com\/tienda\/producto\/oxygen-oxy-hydrogen\/\" \/>\n<meta property=\"og:site_name\" content=\"Tienda\" \/>\n<meta property=\"article:modified_time\" content=\"2024-05-24T11:40:04+00:00\" \/>\n<meta property=\"og:image\" content=\"https:\/\/www.misbel.com\/tienda\/wp-content\/uploads\/sites\/4\/2024\/05\/oxygen-oxy-hydrogen.png\" \/>\n\t<meta property=\"og:image:width\" content=\"810\" \/>\n\t<meta property=\"og:image:height\" content=\"810\" \/>\n\t<meta property=\"og:image:type\" content=\"image\/png\" \/>\n<meta name=\"twitter:card\" content=\"summary_large_image\" \/>\n<meta name=\"twitter:label1\" content=\"Tiempo de lectura\" \/>\n\t<meta name=\"twitter:data1\" content=\"1 minuto\" \/>\n<script type=\"application\/ld+json\" class=\"yoast-schema-graph\">{\"@context\":\"https:\/\/schema.org\",\"@graph\":[{\"@type\":\"WebPage\",\"@id\":\"https:\/\/www.misbel.com\/tienda\/producto\/oxygen-oxy-hydrogen\/\",\"url\":\"https:\/\/www.misbel.com\/tienda\/producto\/oxygen-oxy-hydrogen\/\",\"name\":\"Oxygen Oxy Hydrogen - Tienda\",\"isPartOf\":{\"@id\":\"https:\/\/www.misbel.com\/tienda\/#website\"},\"primaryImageOfPage\":{\"@id\":\"https:\/\/www.misbel.com\/tienda\/producto\/oxygen-oxy-hydrogen\/#primaryimage\"},\"image\":{\"@id\":\"https:\/\/www.misbel.com\/tienda\/producto\/oxygen-oxy-hydrogen\/#primaryimage\"},\"thumbnailUrl\":\"https:\/\/www.misbel.com\/tienda\/wp-content\/uploads\/sites\/4\/2024\/05\/oxygen-oxy-hydrogen.png\",\"datePublished\":\"2024-05-23T09:42:39+00:00\",\"dateModified\":\"2024-05-24T11:40:04+00:00\",\"breadcrumb\":{\"@id\":\"https:\/\/www.misbel.com\/tienda\/producto\/oxygen-oxy-hydrogen\/#breadcrumb\"},\"inLanguage\":\"es\",\"potentialAction\":[{\"@type\":\"ReadAction\",\"target\":[\"https:\/\/www.misbel.com\/tienda\/producto\/oxygen-oxy-hydrogen\/\"]}]},{\"@type\":\"ImageObject\",\"inLanguage\":\"es\",\"@id\":\"https:\/\/www.misbel.com\/tienda\/producto\/oxygen-oxy-hydrogen\/#primaryimage\",\"url\":\"https:\/\/www.misbel.com\/tienda\/wp-content\/uploads\/sites\/4\/2024\/05\/oxygen-oxy-hydrogen.png\",\"contentUrl\":\"https:\/\/www.misbel.com\/tienda\/wp-content\/uploads\/sites\/4\/2024\/05\/oxygen-oxy-hydrogen.png\",\"width\":810,\"height\":810},{\"@type\":\"BreadcrumbList\",\"@id\":\"https:\/\/www.misbel.com\/tienda\/producto\/oxygen-oxy-hydrogen\/#breadcrumb\",\"itemListElement\":[{\"@type\":\"ListItem\",\"position\":1,\"name\":\"Portada\",\"item\":\"https:\/\/www.misbel.com\/tienda\/\"},{\"@type\":\"ListItem\",\"position\":2,\"name\":\"Tienda\",\"item\":\"https:\/\/www.misbel.com\/tienda\/\"},{\"@type\":\"ListItem\",\"position\":3,\"name\":\"Oxygen Oxy Hydrogen\"}]},{\"@type\":\"WebSite\",\"@id\":\"https:\/\/www.misbel.com\/tienda\/#website\",\"url\":\"https:\/\/www.misbel.com\/tienda\/\",\"name\":\"Tienda\",\"description\":\"Tienda oficial de la est\u00e9tica Misbel Reus\",\"publisher\":{\"@id\":\"https:\/\/www.misbel.com\/tienda\/#organization\"},\"potentialAction\":[{\"@type\":\"SearchAction\",\"target\":{\"@type\":\"EntryPoint\",\"urlTemplate\":\"https:\/\/www.misbel.com\/tienda\/?s={search_term_string}\"},\"query-input\":{\"@type\":\"PropertyValueSpecification\",\"valueRequired\":true,\"valueName\":\"search_term_string\"}}],\"inLanguage\":\"es\"},{\"@type\":\"Organization\",\"@id\":\"https:\/\/www.misbel.com\/tienda\/#organization\",\"name\":\"Tienda\",\"url\":\"https:\/\/www.misbel.com\/tienda\/\",\"logo\":{\"@type\":\"ImageObject\",\"inLanguage\":\"es\",\"@id\":\"https:\/\/www.misbel.com\/tienda\/#\/schema\/logo\/image\/\",\"url\":\"https:\/\/www.misbel.com\/tienda\/wp-content\/uploads\/sites\/4\/2024\/03\/misbelpng-logo-500-1.png\",\"contentUrl\":\"https:\/\/www.misbel.com\/tienda\/wp-content\/uploads\/sites\/4\/2024\/03\/misbelpng-logo-500-1.png\",\"width\":500,\"height\":258,\"caption\":\"Tienda\"},\"image\":{\"@id\":\"https:\/\/www.misbel.com\/tienda\/#\/schema\/logo\/image\/\"}}]}<\/script>\n<!-- \/ Yoast SEO plugin. -->","yoast_head_json":{"title":"Oxygen Oxy Hydrogen - Tienda","robots":{"index":"index","follow":"follow","max-snippet":"max-snippet:-1","max-image-preview":"max-image-preview:large","max-video-preview":"max-video-preview:-1"},"canonical":"https:\/\/www.misbel.com\/tienda\/producto\/oxygen-oxy-hydrogen\/","og_locale":"es_ES","og_type":"article","og_title":"Oxygen Oxy Hydrogen - Tienda","og_description":"Crema hidratante para todo tipo de pieles asfixiadas y\/o deshidratadas.","og_url":"https:\/\/www.misbel.com\/tienda\/producto\/oxygen-oxy-hydrogen\/","og_site_name":"Tienda","article_modified_time":"2024-05-24T11:40:04+00:00","og_image":[{"width":810,"height":810,"url":"https:\/\/www.misbel.com\/tienda\/wp-content\/uploads\/sites\/4\/2024\/05\/oxygen-oxy-hydrogen.png","type":"image\/png"}],"twitter_card":"summary_large_image","twitter_misc":{"Tiempo de lectura":"1 minuto"},"schema":{"@context":"https:\/\/schema.org","@graph":[{"@type":"WebPage","@id":"https:\/\/www.misbel.com\/tienda\/producto\/oxygen-oxy-hydrogen\/","url":"https:\/\/www.misbel.com\/tienda\/producto\/oxygen-oxy-hydrogen\/","name":"Oxygen Oxy Hydrogen - Tienda","isPartOf":{"@id":"https:\/\/www.misbel.com\/tienda\/#website"},"primaryImageOfPage":{"@id":"https:\/\/www.misbel.com\/tienda\/producto\/oxygen-oxy-hydrogen\/#primaryimage"},"image":{"@id":"https:\/\/www.misbel.com\/tienda\/producto\/oxygen-oxy-hydrogen\/#primaryimage"},"thumbnailUrl":"https:\/\/www.misbel.com\/tienda\/wp-content\/uploads\/sites\/4\/2024\/05\/oxygen-oxy-hydrogen.png","datePublished":"2024-05-23T09:42:39+00:00","dateModified":"2024-05-24T11:40:04+00:00","breadcrumb":{"@id":"https:\/\/www.misbel.com\/tienda\/producto\/oxygen-oxy-hydrogen\/#breadcrumb"},"inLanguage":"es","potentialAction":[{"@type":"ReadAction","target":["https:\/\/www.misbel.com\/tienda\/producto\/oxygen-oxy-hydrogen\/"]}]},{"@type":"ImageObject","inLanguage":"es","@id":"https:\/\/www.misbel.com\/tienda\/producto\/oxygen-oxy-hydrogen\/#primaryimage","url":"https:\/\/www.misbel.com\/tienda\/wp-content\/uploads\/sites\/4\/2024\/05\/oxygen-oxy-hydrogen.png","contentUrl":"https:\/\/www.misbel.com\/tienda\/wp-content\/uploads\/sites\/4\/2024\/05\/oxygen-oxy-hydrogen.png","width":810,"height":810},{"@type":"BreadcrumbList","@id":"https:\/\/www.misbel.com\/tienda\/producto\/oxygen-oxy-hydrogen\/#breadcrumb","itemListElement":[{"@type":"ListItem","position":1,"name":"Portada","item":"https:\/\/www.misbel.com\/tienda\/"},{"@type":"ListItem","position":2,"name":"Tienda","item":"https:\/\/www.misbel.com\/tienda\/"},{"@type":"ListItem","position":3,"name":"Oxygen Oxy Hydrogen"}]},{"@type":"WebSite","@id":"https:\/\/www.misbel.com\/tienda\/#website","url":"https:\/\/www.misbel.com\/tienda\/","name":"Tienda","description":"Tienda oficial de la est\u00e9tica Misbel Reus","publisher":{"@id":"https:\/\/www.misbel.com\/tienda\/#organization"},"potentialAction":[{"@type":"SearchAction","target":{"@type":"EntryPoint","urlTemplate":"https:\/\/www.misbel.com\/tienda\/?s={search_term_string}"},"query-input":{"@type":"PropertyValueSpecification","valueRequired":true,"valueName":"search_term_string"}}],"inLanguage":"es"},{"@type":"Organization","@id":"https:\/\/www.misbel.com\/tienda\/#organization","name":"Tienda","url":"https:\/\/www.misbel.com\/tienda\/","logo":{"@type":"ImageObject","inLanguage":"es","@id":"https:\/\/www.misbel.com\/tienda\/#\/schema\/logo\/image\/","url":"https:\/\/www.misbel.com\/tienda\/wp-content\/uploads\/sites\/4\/2024\/03\/misbelpng-logo-500-1.png","contentUrl":"https:\/\/www.misbel.com\/tienda\/wp-content\/uploads\/sites\/4\/2024\/03\/misbelpng-logo-500-1.png","width":500,"height":258,"caption":"Tienda"},"image":{"@id":"https:\/\/www.misbel.com\/tienda\/#\/schema\/logo\/image\/"}}]}},"_links":{"self":[{"href":"https:\/\/www.misbel.com\/tienda\/wp-json\/wp\/v2\/product\/450","targetHints":{"allow":["GET"]}}],"collection":[{"href":"https:\/\/www.misbel.com\/tienda\/wp-json\/wp\/v2\/product"}],"about":[{"href":"https:\/\/www.misbel.com\/tienda\/wp-json\/wp\/v2\/types\/product"}],"replies":[{"embeddable":true,"href":"https:\/\/www.misbel.com\/tienda\/wp-json\/wp\/v2\/comments?post=450"}],"version-history":[{"count":3,"href":"https:\/\/www.misbel.com\/tienda\/wp-json\/wp\/v2\/product\/450\/revisions"}],"predecessor-version":[{"id":623,"href":"https:\/\/www.misbel.com\/tienda\/wp-json\/wp\/v2\/product\/450\/revisions\/623"}],"wp:featuredmedia":[{"embeddable":true,"href":"https:\/\/www.misbel.com\/tienda\/wp-json\/wp\/v2\/media\/451"}],"wp:attachment":[{"href":"https:\/\/www.misbel.com\/tienda\/wp-json\/wp\/v2\/media?parent=450"}],"wp:term":[{"taxonomy":"product_brand","embeddable":true,"href":"https:\/\/www.misbel.com\/tienda\/wp-json\/wp\/v2\/product_brand?post=450"},{"taxonomy":"product_cat","embeddable":true,"href":"https:\/\/www.misbel.com\/tienda\/wp-json\/wp\/v2\/product_cat?post=450"},{"taxonomy":"product_tag","embeddable":true,"href":"https:\/\/www.misbel.com\/tienda\/wp-json\/wp\/v2\/product_tag?post=450"}],"curies":[{"name":"wp","href":"https:\/\/api.w.org\/{rel}","templated":true}]}}