{"id":335,"date":"2024-05-23T07:34:20","date_gmt":"2024-05-23T07:34:20","guid":{"rendered":"https:\/\/www.misbel.es\/tienda\/?post_type=product&#038;p=335"},"modified":"2024-05-24T11:52:13","modified_gmt":"2024-05-24T11:52:13","slug":"nova-gel-exfoliante","status":"publish","type":"product","link":"https:\/\/www.misbel.com\/tienda\/producto\/nova-gel-exfoliante\/","title":{"rendered":"Nova &#8211; Gel exfoliante"},"content":{"rendered":"<p class=\"SVBtxfTn70\" data-spm-anchor-id=\"euspain.pdp.0.i7.5842c263bxdMf8\">BELNATUR NOVA GEL EXFOLIANTE FACIAL<\/p>\n<p class=\"SVBtxfTn70\" data-spm-anchor-id=\"euspain.pdp.0.i7.5842c263bxdMf8\">75ML, (Gel exfoliante limpiador e hidratante con micro part\u00edculas de Jojoba)<\/p>\n<p data-spm-anchor-id=\"euspain.pdp.0.i7.5842c263bxdMf8\">BELNATUR GEL EXFOLIANTE NOVA<\/p>\n<p data-spm-anchor-id=\"euspain.pdp.0.i7.5842c263bxdMf8\">Gel exfoliante facial, limpiador e hidratante con micro part\u00edculas de Jojoba que elimina las c\u00e9lulas muertas e impurezas del cutis.<\/p>\n<p data-spm-anchor-id=\"euspain.pdp.0.i7.5842c263bxdMf8\">Entre sus principios activos destacamos las micropart\u00edculas de cera de jojoba, limpiadores suaves derivados del aceite de jojoba, agentes hidratantes y lipo-restituyentes.<\/p>\n<p data-spm-anchor-id=\"euspain.pdp.0.i7.5842c263bxdMf8\">Aplicaci\u00f3n: Una vez efectuado el desmaquillado y sobre la piel h\u00fameda, aplicar el producto y efectuar movimientos circulares durante unos minutos, insistiendo en las zonas m\u00e1s \u00e1speras o gruesas. Aclarar con agua o con una loci\u00f3n t\u00f3nica adecuada. Evitar el contorno ocular si la piel es fina.<\/p>\n<p data-spm-anchor-id=\"euspain.pdp.0.i7.5842c263bxdMf8\">Presentaci\u00f3n: Tubo de 75 ml<\/p>\n","protected":false},"excerpt":{"rendered":"<p class=\"SVBtxfTn70\" data-spm-anchor-id=\"euspain.pdp.0.i7.5842c263bxdMf8\">Gel exfoliante limpiador e hidratante con micro part\u00edculas de Jojoba. Elimina las c\u00e9lulas muertas e impurezas del cutis.<\/p>\n<p data-spm-anchor-id=\"euspain.pdp.0.i7.5842c263bxdMf8\">\n","protected":false},"featured_media":368,"comment_status":"open","ping_status":"closed","template":"","meta":[],"product_brand":[],"product_cat":[37,69,62],"product_tag":[155,160,128,159,158],"class_list":{"0":"post-335","1":"product","2":"type-product","3":"status-publish","4":"has-post-thumbnail","6":"product_cat-cuidados-faciales","7":"product_cat-desmaquillantes-limpiadores","8":"product_cat-mascarillas-y-exfoliantes","9":"product_tag-belnatur","10":"product_tag-elimina-celulas-muertas","11":"product_tag-exfoliantes","12":"product_tag-gel","13":"product_tag-suaviza-y-limpia-la-piel","15":"first","16":"instock","17":"taxable","18":"shipping-taxable","19":"purchasable","20":"product-type-simple"},"yoast_head":"<!-- This site is optimized with the Yoast SEO plugin v27.0 - https:\/\/yoast.com\/product\/yoast-seo-wordpress\/ -->\n<title>Nova - Gel exfoliante - Tienda<\/title>\n<meta name=\"robots\" content=\"index, follow, max-snippet:-1, max-image-preview:large, max-video-preview:-1\" \/>\n<link rel=\"canonical\" href=\"https:\/\/www.misbel.com\/tienda\/producto\/nova-gel-exfoliante\/\" \/>\n<meta property=\"og:locale\" content=\"es_ES\" \/>\n<meta property=\"og:type\" content=\"article\" \/>\n<meta property=\"og:title\" content=\"Nova - Gel exfoliante - Tienda\" \/>\n<meta property=\"og:description\" content=\"Gel exfoliante limpiador e hidratante con micro part\u00edculas de Jojoba. Elimina las c\u00e9lulas muertas e impurezas del cutis.\" \/>\n<meta property=\"og:url\" content=\"https:\/\/www.misbel.com\/tienda\/producto\/nova-gel-exfoliante\/\" \/>\n<meta property=\"og:site_name\" content=\"Tienda\" \/>\n<meta property=\"article:modified_time\" content=\"2024-05-24T11:52:13+00:00\" \/>\n<meta property=\"og:image\" content=\"https:\/\/www.misbel.com\/tienda\/wp-content\/uploads\/sites\/4\/2024\/05\/posts-generiques.png\" \/>\n\t<meta property=\"og:image:width\" content=\"1080\" \/>\n\t<meta property=\"og:image:height\" content=\"1080\" \/>\n\t<meta property=\"og:image:type\" content=\"image\/png\" \/>\n<meta name=\"twitter:card\" content=\"summary_large_image\" \/>\n<meta name=\"twitter:label1\" content=\"Tiempo de lectura\" \/>\n\t<meta name=\"twitter:data1\" content=\"1 minuto\" \/>\n<script type=\"application\/ld+json\" class=\"yoast-schema-graph\">{\"@context\":\"https:\/\/schema.org\",\"@graph\":[{\"@type\":\"WebPage\",\"@id\":\"https:\/\/www.misbel.com\/tienda\/producto\/nova-gel-exfoliante\/\",\"url\":\"https:\/\/www.misbel.com\/tienda\/producto\/nova-gel-exfoliante\/\",\"name\":\"Nova - Gel exfoliante - Tienda\",\"isPartOf\":{\"@id\":\"https:\/\/www.misbel.com\/tienda\/#website\"},\"primaryImageOfPage\":{\"@id\":\"https:\/\/www.misbel.com\/tienda\/producto\/nova-gel-exfoliante\/#primaryimage\"},\"image\":{\"@id\":\"https:\/\/www.misbel.com\/tienda\/producto\/nova-gel-exfoliante\/#primaryimage\"},\"thumbnailUrl\":\"https:\/\/www.misbel.com\/tienda\/wp-content\/uploads\/sites\/4\/2024\/05\/posts-generiques.png\",\"datePublished\":\"2024-05-23T07:34:20+00:00\",\"dateModified\":\"2024-05-24T11:52:13+00:00\",\"breadcrumb\":{\"@id\":\"https:\/\/www.misbel.com\/tienda\/producto\/nova-gel-exfoliante\/#breadcrumb\"},\"inLanguage\":\"es\",\"potentialAction\":[{\"@type\":\"ReadAction\",\"target\":[\"https:\/\/www.misbel.com\/tienda\/producto\/nova-gel-exfoliante\/\"]}]},{\"@type\":\"ImageObject\",\"inLanguage\":\"es\",\"@id\":\"https:\/\/www.misbel.com\/tienda\/producto\/nova-gel-exfoliante\/#primaryimage\",\"url\":\"https:\/\/www.misbel.com\/tienda\/wp-content\/uploads\/sites\/4\/2024\/05\/posts-generiques.png\",\"contentUrl\":\"https:\/\/www.misbel.com\/tienda\/wp-content\/uploads\/sites\/4\/2024\/05\/posts-generiques.png\",\"width\":1080,\"height\":1080},{\"@type\":\"BreadcrumbList\",\"@id\":\"https:\/\/www.misbel.com\/tienda\/producto\/nova-gel-exfoliante\/#breadcrumb\",\"itemListElement\":[{\"@type\":\"ListItem\",\"position\":1,\"name\":\"Portada\",\"item\":\"https:\/\/www.misbel.com\/tienda\/\"},{\"@type\":\"ListItem\",\"position\":2,\"name\":\"Tienda\",\"item\":\"https:\/\/www.misbel.com\/tienda\/\"},{\"@type\":\"ListItem\",\"position\":3,\"name\":\"Nova &#8211; Gel exfoliante\"}]},{\"@type\":\"WebSite\",\"@id\":\"https:\/\/www.misbel.com\/tienda\/#website\",\"url\":\"https:\/\/www.misbel.com\/tienda\/\",\"name\":\"Tienda\",\"description\":\"Tienda oficial de la est\u00e9tica Misbel Reus\",\"publisher\":{\"@id\":\"https:\/\/www.misbel.com\/tienda\/#organization\"},\"potentialAction\":[{\"@type\":\"SearchAction\",\"target\":{\"@type\":\"EntryPoint\",\"urlTemplate\":\"https:\/\/www.misbel.com\/tienda\/?s={search_term_string}\"},\"query-input\":{\"@type\":\"PropertyValueSpecification\",\"valueRequired\":true,\"valueName\":\"search_term_string\"}}],\"inLanguage\":\"es\"},{\"@type\":\"Organization\",\"@id\":\"https:\/\/www.misbel.com\/tienda\/#organization\",\"name\":\"Tienda\",\"url\":\"https:\/\/www.misbel.com\/tienda\/\",\"logo\":{\"@type\":\"ImageObject\",\"inLanguage\":\"es\",\"@id\":\"https:\/\/www.misbel.com\/tienda\/#\/schema\/logo\/image\/\",\"url\":\"https:\/\/www.misbel.com\/tienda\/wp-content\/uploads\/sites\/4\/2024\/03\/misbelpng-logo-500-1.png\",\"contentUrl\":\"https:\/\/www.misbel.com\/tienda\/wp-content\/uploads\/sites\/4\/2024\/03\/misbelpng-logo-500-1.png\",\"width\":500,\"height\":258,\"caption\":\"Tienda\"},\"image\":{\"@id\":\"https:\/\/www.misbel.com\/tienda\/#\/schema\/logo\/image\/\"}}]}<\/script>\n<!-- \/ Yoast SEO plugin. -->","yoast_head_json":{"title":"Nova - Gel exfoliante - Tienda","robots":{"index":"index","follow":"follow","max-snippet":"max-snippet:-1","max-image-preview":"max-image-preview:large","max-video-preview":"max-video-preview:-1"},"canonical":"https:\/\/www.misbel.com\/tienda\/producto\/nova-gel-exfoliante\/","og_locale":"es_ES","og_type":"article","og_title":"Nova - Gel exfoliante - Tienda","og_description":"Gel exfoliante limpiador e hidratante con micro part\u00edculas de Jojoba. Elimina las c\u00e9lulas muertas e impurezas del cutis.","og_url":"https:\/\/www.misbel.com\/tienda\/producto\/nova-gel-exfoliante\/","og_site_name":"Tienda","article_modified_time":"2024-05-24T11:52:13+00:00","og_image":[{"width":1080,"height":1080,"url":"https:\/\/www.misbel.com\/tienda\/wp-content\/uploads\/sites\/4\/2024\/05\/posts-generiques.png","type":"image\/png"}],"twitter_card":"summary_large_image","twitter_misc":{"Tiempo de lectura":"1 minuto"},"schema":{"@context":"https:\/\/schema.org","@graph":[{"@type":"WebPage","@id":"https:\/\/www.misbel.com\/tienda\/producto\/nova-gel-exfoliante\/","url":"https:\/\/www.misbel.com\/tienda\/producto\/nova-gel-exfoliante\/","name":"Nova - Gel exfoliante - Tienda","isPartOf":{"@id":"https:\/\/www.misbel.com\/tienda\/#website"},"primaryImageOfPage":{"@id":"https:\/\/www.misbel.com\/tienda\/producto\/nova-gel-exfoliante\/#primaryimage"},"image":{"@id":"https:\/\/www.misbel.com\/tienda\/producto\/nova-gel-exfoliante\/#primaryimage"},"thumbnailUrl":"https:\/\/www.misbel.com\/tienda\/wp-content\/uploads\/sites\/4\/2024\/05\/posts-generiques.png","datePublished":"2024-05-23T07:34:20+00:00","dateModified":"2024-05-24T11:52:13+00:00","breadcrumb":{"@id":"https:\/\/www.misbel.com\/tienda\/producto\/nova-gel-exfoliante\/#breadcrumb"},"inLanguage":"es","potentialAction":[{"@type":"ReadAction","target":["https:\/\/www.misbel.com\/tienda\/producto\/nova-gel-exfoliante\/"]}]},{"@type":"ImageObject","inLanguage":"es","@id":"https:\/\/www.misbel.com\/tienda\/producto\/nova-gel-exfoliante\/#primaryimage","url":"https:\/\/www.misbel.com\/tienda\/wp-content\/uploads\/sites\/4\/2024\/05\/posts-generiques.png","contentUrl":"https:\/\/www.misbel.com\/tienda\/wp-content\/uploads\/sites\/4\/2024\/05\/posts-generiques.png","width":1080,"height":1080},{"@type":"BreadcrumbList","@id":"https:\/\/www.misbel.com\/tienda\/producto\/nova-gel-exfoliante\/#breadcrumb","itemListElement":[{"@type":"ListItem","position":1,"name":"Portada","item":"https:\/\/www.misbel.com\/tienda\/"},{"@type":"ListItem","position":2,"name":"Tienda","item":"https:\/\/www.misbel.com\/tienda\/"},{"@type":"ListItem","position":3,"name":"Nova &#8211; Gel exfoliante"}]},{"@type":"WebSite","@id":"https:\/\/www.misbel.com\/tienda\/#website","url":"https:\/\/www.misbel.com\/tienda\/","name":"Tienda","description":"Tienda oficial de la est\u00e9tica Misbel Reus","publisher":{"@id":"https:\/\/www.misbel.com\/tienda\/#organization"},"potentialAction":[{"@type":"SearchAction","target":{"@type":"EntryPoint","urlTemplate":"https:\/\/www.misbel.com\/tienda\/?s={search_term_string}"},"query-input":{"@type":"PropertyValueSpecification","valueRequired":true,"valueName":"search_term_string"}}],"inLanguage":"es"},{"@type":"Organization","@id":"https:\/\/www.misbel.com\/tienda\/#organization","name":"Tienda","url":"https:\/\/www.misbel.com\/tienda\/","logo":{"@type":"ImageObject","inLanguage":"es","@id":"https:\/\/www.misbel.com\/tienda\/#\/schema\/logo\/image\/","url":"https:\/\/www.misbel.com\/tienda\/wp-content\/uploads\/sites\/4\/2024\/03\/misbelpng-logo-500-1.png","contentUrl":"https:\/\/www.misbel.com\/tienda\/wp-content\/uploads\/sites\/4\/2024\/03\/misbelpng-logo-500-1.png","width":500,"height":258,"caption":"Tienda"},"image":{"@id":"https:\/\/www.misbel.com\/tienda\/#\/schema\/logo\/image\/"}}]}},"_links":{"self":[{"href":"https:\/\/www.misbel.com\/tienda\/wp-json\/wp\/v2\/product\/335","targetHints":{"allow":["GET"]}}],"collection":[{"href":"https:\/\/www.misbel.com\/tienda\/wp-json\/wp\/v2\/product"}],"about":[{"href":"https:\/\/www.misbel.com\/tienda\/wp-json\/wp\/v2\/types\/product"}],"replies":[{"embeddable":true,"href":"https:\/\/www.misbel.com\/tienda\/wp-json\/wp\/v2\/comments?post=335"}],"version-history":[{"count":8,"href":"https:\/\/www.misbel.com\/tienda\/wp-json\/wp\/v2\/product\/335\/revisions"}],"predecessor-version":[{"id":631,"href":"https:\/\/www.misbel.com\/tienda\/wp-json\/wp\/v2\/product\/335\/revisions\/631"}],"wp:featuredmedia":[{"embeddable":true,"href":"https:\/\/www.misbel.com\/tienda\/wp-json\/wp\/v2\/media\/368"}],"wp:attachment":[{"href":"https:\/\/www.misbel.com\/tienda\/wp-json\/wp\/v2\/media?parent=335"}],"wp:term":[{"taxonomy":"product_brand","embeddable":true,"href":"https:\/\/www.misbel.com\/tienda\/wp-json\/wp\/v2\/product_brand?post=335"},{"taxonomy":"product_cat","embeddable":true,"href":"https:\/\/www.misbel.com\/tienda\/wp-json\/wp\/v2\/product_cat?post=335"},{"taxonomy":"product_tag","embeddable":true,"href":"https:\/\/www.misbel.com\/tienda\/wp-json\/wp\/v2\/product_tag?post=335"}],"curies":[{"name":"wp","href":"https:\/\/api.w.org\/{rel}","templated":true}]}}